{"version":"1.0","provider_name":"parablau","provider_url":"https:\/\/parablau.com\/galerie","author_name":"kuratorin","author_url":"https:\/\/parablau.com\/galerie\/author\/kuratorin\/","title":"SAGENHAFTE WELTENBILDER - Poul Dohle | Stefan Bleyl - parablau","type":"rich","width":600,"height":338,"html":"<blockquote class=\"wp-embedded-content\" data-secret=\"W3PJsmwyHK\"><a href=\"https:\/\/parablau.com\/galerie\/2022\/10\/05\/weltenbilder\/\">SAGENHAFTE WELTENBILDER &#8211; Poul Dohle | Stefan Bleyl<\/a><\/blockquote><iframe sandbox=\"allow-scripts\" security=\"restricted\" src=\"https:\/\/parablau.com\/galerie\/2022\/10\/05\/weltenbilder\/embed\/#?secret=W3PJsmwyHK\" width=\"600\" height=\"338\" title=\"&#8222;SAGENHAFTE WELTENBILDER &#8211; Poul Dohle | Stefan Bleyl&#8220; &#8211; parablau\" data-secret=\"W3PJsmwyHK\" frameborder=\"0\" marginwidth=\"0\" marginheight=\"0\" scrolling=\"no\" class=\"wp-embedded-content\"><\/iframe><script>\n\/*! This file is auto-generated *\/\n!function(d,l){\"use strict\";l.querySelector&&d.addEventListener&&\"undefined\"!=typeof URL&&(d.wp=d.wp||{},d.wp.receiveEmbedMessage||(d.wp.receiveEmbedMessage=function(e){var t=e.data;if((t||t.secret||t.message||t.value)&&!\/[^a-zA-Z0-9]\/.test(t.secret)){for(var s,r,n,a=l.querySelectorAll('iframe[data-secret=\"'+t.secret+'\"]'),o=l.querySelectorAll('blockquote[data-secret=\"'+t.secret+'\"]'),c=new RegExp(\"^https?:$\",\"i\"),i=0;i<o.length;i++)o[i].style.display=\"none\";for(i=0;i<a.length;i++)s=a[i],e.source===s.contentWindow&&(s.removeAttribute(\"style\"),\"height\"===t.message?(1e3<(r=parseInt(t.value,10))?r=1e3:~~r<200&&(r=200),s.height=r):\"link\"===t.message&&(r=new URL(s.getAttribute(\"src\")),n=new URL(t.value),c.test(n.protocol))&&n.host===r.host&&l.activeElement===s&&(d.top.location.href=t.value))}},d.addEventListener(\"message\",d.wp.receiveEmbedMessage,!1),l.addEventListener(\"DOMContentLoaded\",function(){for(var e,t,s=l.querySelectorAll(\"iframe.wp-embedded-content\"),r=0;r<s.length;r++)(t=(e=s[r]).getAttribute(\"data-secret\"))||(t=Math.random().toString(36).substring(2,12),e.src+=\"#?secret=\"+t,e.setAttribute(\"data-secret\",t)),e.contentWindow.postMessage({message:\"ready\",secret:t},\"*\")},!1)))}(window,document);\n\/\/# sourceURL=https:\/\/parablau.com\/galerie\/wp-includes\/js\/wp-embed.min.js\n<\/script>\n","thumbnail_url":"https:\/\/parablau.com\/galerie\/wp-content\/uploads\/2023\/12\/Rueckseite_by-Stefan-Bleyl.jpeg","thumbnail_width":453,"thumbnail_height":640,"description":"Seit vielen Jahren besch\u00e4ftigen sich beide K\u00fcnstler mit\u00a0mythischen Welten oder fantastischen Wesen, die in ebensolchen Landschaften angesiedelt werden.\u00a0Poul Dohle illustrierte als einfallsreicher Erfinder immer neuer fantastischer Kreaturen schon viele B\u00fccher f\u00fcr verschiedene Verlage.Stefan Bleyl besticht mit seinen Landschaftssch\u00f6pfungen ausgef\u00fchrt in klassischer Maltechnik.\u00a0Sein Ziel ist es: &#8222;Bildwelten die entschleunigen, Sinn stiften und Hoffnung geben.\u201c zu schaffen.Beide..."}

Seit vielen Jahren beschäftigen sich beide Künstler mit mythischen Welten oder fantastischen Wesen, die in ebensolchen Landschaften angesiedelt werden. Poul Dohle illustrierte als einfallsreicher Erfinder immer neuer fantastischer Kreaturen schon viele Bücher für verschiedene Verlage.Stefan Bleyl besticht mit seinen Landschaftsschöpfungen ausgeführt in klassischer Maltechnik. Sein Ziel ist es: &#8222;Bildwelten die entschleunigen, Sinn stiften und Hoffnung geben.“ zu schaffen.Beide...
